0))
4
What is the value of -10 - ((6 - 2) + 29 + -36)?
-7
Calculate 15 + (-25 - -15) + (-9 - 1).
-5
Calculate 2 + 1 + (-7 - 0).
-4
0 + 7 + (-9 - (-11 + 4))
5
Evaluate 0 + -5 - (28 + -29).
-4
Calculate (-3 - -6) + -3 + 2.
2
-7 + (1 - (6 - 9)) + 0
-3
What is the value of (-1 - 0) + 2 - (-20 - -22)?
-1
What is -3 + -3 + (11 - 7)?
-2
What is 14 + -15 + -1 + 7?
5
What is the value of 3 + 1 + (10 - 11)?
3
What is the value of 4 - (-1 + 1 - -1) - 8?
-5
What is -1 - -2 - 9 - -4?
-4
Calculate (31 - 40) + 7 + -1.
-3
(3 + (2 - 2) - 0) + -1
2
What is the value of (2 - (18 + -8)) + 12 + 1?
5
7 - ((-5 - -6) + 1)
5
-4 - (-1 - (2 + -1 + -3))
-5
What is (7 - -6) + 3 + -8?
8
Evaluate (6 - -1) + (-1 + -1 - 2).
3
Evaluate -6 + 6 + 0 + 2 + 4.
6
What is the value of -5 + 2 + -6 + 5 + 4?
0
What is the value of -2 - ((-7 - -11) + -1)?
-5
What is -3 - (-6 + 7 + -8)?
4
Calculate -3 + 2 + (0 - 2) + 5.
2
Calculate 4 + -12 - (-4 - (-3 + 3)).
-4
What is -18 - (-9 - (0 - -4))?
-5
What is the value of 6 - -2 - (0 + 6)?
2
Calculate (7 - -5) + -14 + 9.
7
What is 16 + -39 + 22 - (0 - 7)?
6
Evaluate 2 + (-7 + 5 - -1) + 1.
2
Evaluate -5 - (-2 + 0 + -1).
-2
Evaluate -6 - (-2 + 4 + -6).
-2
Evaluate 3 + (-4 - (-2 + -2)) + -5.
-2
Evaluate (8 - 3) + -3 + -6 + 3.
-1
What is the value of 5 + (-15 - -4) + 1?
-5
What is 3 + (4 + -7 - (-2 - 3))?
5
Evaluate (11 + -5 + -13 - -12) + 2.
7
Evaluate (6 - 8 - 4) + 9.
3
Evaluate 2 + 0 - (13 - 12).
1
What is -3 + (1 - 0) - (92 + -101)?
7
What is the value of (10 - 0) + 124 + -128?
6
Evaluate 0 - (-4 - (2 + (-4 - 1))).
1
2 + -5 - (4 - (-2 - -7))
-2
What is 1 + 6 + -13 + 2?
-4
What is 5 - (3 + 0 + 0)?
2
Evaluate 3 - 0 - (-4 + 10).
-3
Evaluate (-6 - (-19 - -2)) + -3.
8
Calculate 1 - 7 - ((-3 - -2) + -1).
-4
What is the value of (9 - 1) + -2 - 0?
6
Evaluate 8 + 3 + -12 + (20 - 13).
6
What is the value of 3 + -2 - (9 + -1 - 11)?
4
What is 4 + (-1 - 0) + -6 + 2?
-1
1 + (-2 - (-4 - -5))
-2
-11 + 1 - -3 - -2
-5
What is (-5 - (-4 - 0)) + -1 + 1?
-1
Calculate 11 + -6 + 1 + -1 + -4.
1
What is the value of -9 + (6 - -10) + 2?
9
What is the value of (-18 - -10) + -1 + -2 + 6?
-5
Calculate 3 + -5 + -7 - -4.
-5
What is the value of (-2 - -5) + 0 + (1 - 1)?
3
What is 3 + -3 + 1 + 1 + 4?
6
-13 + 0 - (-10 + 1)
-4
What is 4 - 5 - 3 - (-1 + -2)?
-1
What is the value of (-11 - -26) + -6 - 8?
1
Calculate 2 - 1 - (0 - (6 - 2)).
5
(-11 - -7) + 3 + -3
-4
Calculate -11 - -3 - -10 - (1 + -2).
3
Evaluate 2 + -1 + -1 + (-17 - -22).
5
-5 + 6 + 5 + -6
0
Evaluate (3 - 2) + 0 - -3.
4
Evaluate (-3 + 1 - -9) + -3 + -1.
3
Evaluate 1 + (13 - 10 - 9).
-5
What is 8 - 2 - ((4 - 1) + -3)?
6
3 + (-17 - -6 - -16)
8
Calculate (18 - (15 + -2)) + -3.
2
Evaluate (1 + -2 - -5) + -8.
-4
Evaluate -8 + 5 + -1 + 2.
-2
What is 101 + -95 + (4 + -2 - 2)?
6
Calculate 1 + 4 + 3 + -9.
-1
Calculate 4 + (-2 + -2 - (-10 - -6)).
4
Calculate -28 + 29 + (-2 - (-8 + -2)).
9
5 - ((12 - 3) + 2)
-6
-8 + (8 + -21 - -25)
4
0 + ((2 - -1) + -5 - 2)
-4
Evaluate (22 - 23) + 0 + 0.
-1
What is 8 + (-3 - 2) + (-3 - 1)?
-1
Evaluate 49 + -52 - (3 - 0 - 11).
5
-1 + -8 - (-18 - (-4 - 15))
-10
What is 1 - ((1 - 2) + -2 - -8)?
-4
What is -2 - (10 + -5 + -11)?
4
(-6 - 0) + (0 - 0 - 0)
-6
What is (9 - -3) + -5 + -2 + -5?
0
1 + (-8 - (-4 - -3))
-6
What is the value of -4 + (3 - 2 - -1) + 2?
0
-2 + 6 - (3 + -2)
3
Evaluate -8 - (-12 - (-2 + -2)).
0
Evaluate -2 + (-2 - (0 + (-2 - -1))).
-3
What is -6 - (4 + (-14 - (1 + 2)))?
7
Calculate -8 - (-16 - 6) - (1 - -7).
6
Evaluate (-14 - -7) + 7 - 3.
-3
What is the value of (2 - 5) + 0 - (-8 + 5)?
0
Calculate -2 + -4 + (17 - 14).
-3
What is the value of (-3 - 4) + (12 - 9)?
-4
Calculate 1 - (-8 + 2 + 6).
1
What is the value of 3 - (-1 - (-1 + -3 - -4))?
4
What is the value of -3 + (14 - (5 + 5))?
1
What is -2 - ((9 - -5) + -9)?
-7
Calculate (-2 - 1 - -5) + 4 + -9.
-3
Evaluate 5 + (-4 - (1 + -6)) + -4.
2
What is the value of (-1 - (1 + 1 + -1)) + -2?
-4
What is the value of -3 + (2 - (8 + -5) - -3)?
-1
What is 6 - 12 - (-3 + -1 + 2)?
-4
Calculate -7 + (-7 - -9) + 1.
-4
Evaluate (1 - (-2 + -2 + 1)) + 1.
5
Calculate (5 - (1 + -6)) + (-7 - -1).
4
Calculate 3 - ((-1 - 3 - -6) + 0).
1
What is the value of -5 + 9 + -2 + 1?
3
Evaluate 0 - -4 - (-11 - -20 - 10).
5
What is the value of 0 + 1 - (-4 + (1 - -3))?
1
What is -6 + 10 - 10 - -5?
-1
Calculate 1 + (6 - 1) + -6.
0
-1 + 3 + -4 - (-1 + -3)
2
Evaluate 13 + (9 - 10) + -5.
7
What is the value of -6 - (-1 + 2) - (72 - 74)?
-5
What is the value of -3 - ((-3 - -2) + 3)?
-5
Calculate -5 + 11 + (9 + -14 - 0).
1
(-5 - -1) + 6 - (2 + 2)
-2
Calculate 6 - 1 - (4 + 7 + -5).
-1
6 - (1 + (5 - 3)) - 6
-3
Evaluate 1 + 3 + (2 - 2).
4
Calculate (7 - 7) + (1 - (-6 + 3)).
4
Calculate 2 - (4 + -5 - -5 - 2).
0
What is the value of 21 + -18 - (1 + -4)?
6
Evaluate 13 - 6 - (-3 + 10).
0
What is the value of -7 - (8 + 0 + -5 + -7)?
-3
What is (2 - (2 + 0)) + (70 - 66)?
4
Evaluate (1 - -2) + 0 - (-6 - -12).
-3
What is the value of -2 + (-1 - 3) + 44 + -46?
-8
28 - 30 - (1 - 0)
-3
What is (-9 - (-9 + 3)) + 4?
1
Calculate 1 - (4 - (-3 - 0 - -10)).
4
Evaluate 7 + -1 + (1 - 3) - 11.
-7
2 + 1 + (0 - -1) + -1
3
6 + (-23 - (0 - 11))
-6
Calculate -1 - (-1 - (2 - -1)).
3
Evaluate (-18 - (-15 - -5)) + (5 - 8).
-11
What is the value of 8 + -17 + 1 - -15?
7
What is the value of -7 + -4 + 8 - (-2 - -4)?
-5
Calculate 13 + -2 + 7 + -13 + 5.
10
What is the value of 0 + -7 + -4 + 2?
-9
What is the value of 4 - ((-1 - 0) + 4)?
1
5 - (-1 + 5 - 2 - -5)
-2
Evaluate -4 + (4 - (5 - -4)) + 1.
-8
What is the value of (-2 - -3) + -1 + 0 + -3?
-3
Evaluate 2 + (-7 - (0 + -5)).
0
What is -9 + -2 + 6 + 1 - -7?
3
-10 + (28 - (-2 - -13))
7
What is 0 - 4 - (-10 + 17 + -14)?
3
Evaluate 4 - (0 - (-11 - -8)).
1
What is 2 + -6 + -1 + 4?
-1
What is the value of (-3 - 1) + 7 + -1?
2
Evaluate 0 + 0 + -7 + 12.
5
What is 3 - (4 - -3 - 6)?
2
Calculate (6 - 2 - 7) + (0 - -1).
-2
What is the value of 9 + 1 + (-41 - -34) + -5?
-2
Calculate 8 + 0 - (1 + 4).
3
What is the value of 5 - ((12 - 3) + -4)?
0
What is (4 - 4) + (-2 - (-3 + -1))?
2
Evaluate (10 - 6) + (-7 - 2).
-5
What is -4 + -6 + 2 + 6?
-2
Calculate -18 + 19 + -4 + 7 + 0.
4
What is the value of 0 - 2 - (-3 - (4 + -3))?
2
Calculate 2 + -5 + 2 + 5.
4
What is (48 - 39) + (-8 - 1)?
0
Calculate -9 + (2 - -2) + 1.
-4
-1 + 7 - (0 + 1)
5
What is 6 - (5 + (3 - 4))?
2
What is (-7 - (0 + -2)) + (5 - 2)?
-2
What is -5 + 1 + -4 + 11?
3
What is 19 + (2 + -15 - 0)?
6
What is ((-1 - -1) + -2 - -2) + -5?
-5
-9 + -1 + 8 + 2 + -6
-6
What is 2 + -5 + 6 + -9 + 6?
0
What is the value of (-5 - (1 + -1)) + 107 + -100?
2
Calculate (3 + -2 - 5) + -9 + 14.
1
-4 + (3 - (3 - -1))
-5
(-3 - -1) + (-25 - -25)
-2
What is 7 + (19 + -13 - (7 + 0))?
6
What is the value of -15 + 13 + (-3 - 0)?
-5
What is the value of 5 - 3 - ((-1 - -2) + 0)?
1
What is 68 + -75 + (5 - 0)?
-2
What is the value of 45 + -52 + 1 + 3 + 4?
1
What is the value of (-5 - -9) + -2 + -4?
-2
What is the value of (0 - -1) + -1 - (-2 + -3)?
5
Calculate 1 - ((5 - (4 + -6)) + -5).
-1
What is 26 + (0 - 13) - 11?
2
(-1 - -1) + (-3 - -3) - 2
-2
What is the value of 1 + 4 + -2 + 2?
5
What is 2 + (4 - (0 - (3 + -7)))?
2
Evaluate 4 - 3 - (1 - -3) - 1.
-4
What is 7 + (-3 - (1 - 2))?
5
-1 + 2 + 1 - (6 - 7)
3
What is (15 - 7) + (-10 - -4)?
2
What is 3 + (-7 - -5 - 0)?
1
What is -7 - (-20 + 10 + -1)?
4
Calculate 4 + (-8 + 2 + 2 - -3).
3
Evaluate (-4 - -2) + (4 - (-2 - -9)).
-5
Calculate -15 - -6 - (-6 - 3).
0
Evaluate (15 - 11) + (-2 - (2 + 2)).
-2
Evaluate 10 + -4 + (-3 - 0) - 5.
-2
Calculate -3 - (3 - 2 - (0 - 1)).
-5
What is the value of (-1 - (0 + -6)) + -3?
2
What is the value of -5 + (8 - (2 - -3)) + 6?
4
11 + -3 - (-6 + 11) - -1
4
Calculate 4 - (1 + 2) - (22 + -22).
1
0 + 4 + -9 + 0 + 3
-2
Evaluate 7 - (-1 + 6 - (-8 + 0)).
-6
What is the value of 2 + 1 - -6 - 3?
6
What is the value of 2 + -2 - (-78 - -70)?
8
What is the value of -5 + (6 - -1) + 0 - 2?
0
Calculate 24 - (-8 - -9 - -13).
10
What is the value of (6 + -7 - 3) + 0?
-4
What is (0 - 9 - -4) + 10?
5
-5 - 1 - (-25 - -20)
-1
What is 3 - (-1 + -3 - (-34 - -31))?
4
Calculate (0 - (2 - -2)) + -59 + 68.
5
Evaluate (1 - 5) + (17 - 16) + 10.
7
Calculate 1 - (-6 - (-3 - (3 + -4))).
5
(1 - 0) + -5 + (2 - -4)
2
-7 + (20 - 13 - (1 + 3))
-4
Calculate -10 - -4 - -11 - 8.
-3
What is 7 